1065495305?
3
What is the millions digit of 7712501?
7
What is the millions digit of 75660659?
5
What is the units digit of 71736983?
3
What is the hundreds digit of 253511896?
8
What is the units digit of 114430201?
1
What is the tens digit of 5488998799?
9
What is the thousands digit of 12659547?
9
What is the thousands digit of 1014216234?
6
What is the hundreds digit of 268171580?
5
What is the ten thousands digit of 442459627?
5
What is the hundred millions digit of 1144507264?
1
What is the hundred millions digit of 265586862?
2
What is the hundred thousands digit of 556994554?
9
What is the millions digit of 449846858?
9
What is the hundreds digit of 96300929?
9
What is the thousands digit of 41180824?
0
What is the ten millions digit of 2316623458?
1
What is the hundred thousands digit of 58211656?
2
What is the tens digit of 34512769?
6
What is the units digit of 137726811?
1
What is the tens digit of 45007777?
7
What is the tens digit of 65021852?
5
What is the ten millions digit of 406499568?
0
What is the ten thousands digit of 86077540?
7
What is the ten thousands digit of 643768536?
6
What is the hundred thousands digit of 19136035?
1
What is the hundreds digit of 163272532?
5
What is the ten thousands digit of 99956847?
5
What is the thousands digit of 35546878?
6
What is the ten thousands digit of 519697092?
9
What is the hundreds digit of 806600715?
7
What is the millions digit of 2459466308?
9
What is the ten millions digit of 2843506964?
4
What is the billions digit of 7334507490?
7
What is the units digit of 5393896690?
0
What is the millions digit of 268581042?
8
What is the ten millions digit of 371761215?
7
What is the hundred millions digit of 168330112?
1
What is the thousands digit of 42681101?
1
What is the hundred thousands digit of 31308246?
3
What is the hundred thousands digit of 114546554?
5
What is the hundred thousands digit of 1904759983?
7
What is the thousands digit of 1292151397?
1
What is the thousands digit of 110519692?
9
What is the billions digit of 1316305446?
1
What is the ten thousands digit of 232939897?
3
What is the ten thousands digit of 40592604?
9
What is the hundred thousands digit of 14240100?
2
What is the ten thousands digit of 3641143?
4
What is the millions digit of 845069872?
5
What is the millions digit of 1044914275?
4
What is the hundred thousands digit of 174085930?
0
What is the units digit of 122312544?
4
What is the ten millions digit of 23279609?
2
What is the ten thousands digit of 415825410?
2
What is the ten thousands digit of 6677299?
7
What is the hundred thousands digit of 269740406?
7
What is the tens digit of 50433738?
3
What is the hundred millions digit of 1280643357?
2
What is the hundreds digit of 41145505?
5
What is the hundred thousands digit of 551773357?
7
What is the ten thousands digit of 5860181613?
8
What is the hundred millions digit of 1596123706?
5
What is the units digit of 21427926?
6
What is the hundred millions digit of 4031642143?
0
What is the hundred thousands digit of 165281806?
2
What is the hundred thousands digit of 99826962?
8
What is the units digit of 201795810?
0
What is the ten thousands digit of 97001551?
0
What is the ten millions digit of 500762266?
0
What is the tens digit of 123095729?
2
What is the hundreds digit of 1731600931?
9
What is the units digit of 322251601?
1
What is the hundred thousands digit of 47827829?
8
What is the hundreds digit of 2772749017?
0
What is the hundred thousands digit of 2500191260?
1
What is the hundred thousands digit of 32563909?
5
What is the thousands digit of 37515025?
5
What is the thousands digit of 570745133?
5
What is the millions digit of 2441346600?
1
What is the tens digit of 1815095587?
8
What is the tens digit of 52509580?
8
What is the billions digit of 6656035920?
6
What is the hundred thousands digit of 452181416?
1
What is the millions digit of 895483424?
5
What is the millions digit of 15651648?
5
What is the thousands digit of 143653684?
3
What is the units digit of 325173497?
7
What is the millions digit of 70650298?
0
What is the ten thousands digit of 4755068914?
6
What is the hundreds digit of 65852498?
4
What is the hundreds digit of 48012705?
7
What is the ten millions digit of 5413546401?
1
What is the hundred thousands digit of 99190605?
1
What is the billions digit of 6582123647?
6
What is the ten thousands digit of 109836411?
3
What is the units digit of 347294394?
4
What is the ten millions digit of 398025290?
9
What is the millions digit of 267695844?
7
What is the hundreds digit of 115746638?
6
What is the ten millions digit of 3710712886?
1
What is the ten thousands digit of 1891052557?
5
What is the units digit of 65689328?
8
What is the millions digit of 2605530599?
5
What is the hundred millions digit of 993693792?
9
What is the ten millions digit of 361931155?
6
What is the tens digit of 73625367?
6
What is the hundreds digit of 2670825?
8
What is the hundreds digit of 35539686?
6
What is the ten millions digit of 160511826?
6
What is the ten millions digit of 2975085931?
7
What is the hundred thousands digit of 44351960?
3
What is the millions digit of 428530130?
8
What is the tens digit of 52064781?
8
What is the hundred millions digit of 930727732?
9
What is the ten millions digit of 432383461?
3
What is the units digit of 121107156?
6
What is the millions digit of 153479632?
3
What is the millions digit of 84126612?
4
What is the millions digit of 1238216699?
8
What is the hundred millions digit of 668123550?
6
What is the thousands digit of 681478729?
8
What is the millions digit of 1749738785?
9
What is the hundred millions digit of 774176138?
7
What is the ten thousands digit of 214137209?
3
What is the millions digit of 1461550119?
1
What is the units digit of 128065893?
3
What is the billions digit of 7214989058?
7
What is the hundreds digit of 2089303740?
7
What is the millions digit of 47848793?
7
What is the thousands digit of 5315555227?
5
What is the ten millions digit of 144487071?
4
What is the ten millions digit of 14153974?
1
What is the thousands digit of 3473234543?
4
What is the millions digit of 128468347?
8
What is the hundred millions digit of 394016831?
3
What is the ten millions digit of 853396825?
5
What is the hundreds digit of 158787620?
6
What is the thousands digit of 39865955?
5
What is the ten millions digit of 560452208?
6
What is the hundreds digit of 95961765?
7
What is the ten millions digit of 569383469?
6
What is the hundred thousands digit of 9346474?
3
What is the tens digit of 219367597?
9
What is the hundreds digit of 450665481?
4
What is the millions digit of 90250161?
0
What is the hundreds digit of 913588155?
1
What is the millions digit of 222784588?
2
What is the hundred millions digit of 339189144?
3
What is the ten millions digit of 1292511587?
9
What is the thousands digit of 58714988?
4
What is the ten millions digit of 765887966?
6
What is the units digit of 4345000098?
8
What is the millions digit of 357898308?
7
What is the tens digit of 69676009?
0
What is the hundred thousands digit of 1275400920?
4
What is the millions digit of 991409350?
1
What is the millions digit of 8933425539?
3
What is the ten thousands digit of 1560149694?
4
What is the units digit of 37845835?
5
What is the thousands digit of 167809480?
9
What is the hundred millions digit of 326111284?
3
What is the ten millions digit of 663169664?
6
What is the hundred thousands digit of 712428156?
4
What is the tens digit of 7804741?
4
What is the ten millions digit of 25747075?
2
What is the units digit of 42638357?
7
What is the thousands digit of 186613593?
3
What is the hundred thousands digit of 388295881?
2
What is the hundred thousands digit of 26894617?
8
What is the thousands digit of 410259389?
9
What is the units digit of 179530244?
4
What is the hundred thousands digit of 3485369?
4
What is the thousands digit of 16337586?
7
What is the units digit of 7975813123?
3
What is the units digit of 4399764445?
5
What is the millions digit of 49523463?
9
What is the hundred thousands digit of 608387?
6
What is the hundreds digit of 249092292?
2
What is the millions digit of 42944392?
2
What is the ten thousands digit of 74071742?
7
What is